{"id":26,"date":"2009-02-09T12:19:55","date_gmt":"2009-02-09T11:19:55","guid":{"rendered":"http:\/\/ourlife4you.com\/ourlifeblog\/?page_id=26"},"modified":"2025-09-08T10:41:34","modified_gmt":"2025-09-08T09:41:34","slug":"unser-erstes-date","status":"publish","type":"page","link":"https:\/\/ourlife4you.com\/ourlifeblog\/","title":{"rendered":"Willkommen in unserem Blog"},"content":{"rendered":"<p style=\"text-align: left;\">Lieber Besucher, liebe Besucherin&#8230;<\/p>\n<p style=\"text-align: left;\">Der Name unseres Blogs wird Euch sicher schon unser Vorhaben verstehen lassen,aber hier gern noch eine kurze Einf\u00fchrung.<\/p>\n<p style=\"text-align: left;\">Wir sind ein zeigegeiles junges Paar und m\u00f6chten Euch ganz intime Einblicke in unser Sexleben gew\u00e4hren.<br \/>\nFlotter Dreier,Gangbang,Voyeure,leichter SM und andere sch\u00f6ne Spielarten sind uns nicht fremd und aus genau diesem Grund m\u00f6chten wir euch auch daran teilhaben lassen.<br \/>\n<a href=\"https:\/\/ourlife4you.com\/ourlifeblog\/unser-erstes-date\/\" target=\"_blank\" rel=\"noopener noreferrer\"><br \/>\n<img decoding=\"async\" src=\"https:\/\/ourlife4you.com\/bilder\/melanieundfrank.jpg\" alt=\"Privatpaar Mel und Frank erz\u00e4hlen ihre geilen Erotik Erlebnisse\" border=\"0\"><\/a><\/p>\n<p style=\"text-align: left;\">Sowie es unsere Zeit und Geilheit zul\u00e4sst, werden Frank und ich hier nat\u00fcrlich regelm\u00e4\u00dfig weitere Geschichten aus unserem Leben berichten, die selbstverst\u00e4ndlich gern kommentiert werden d\u00fcrfen. Wir w\u00fcrden uns freuen.<\/p>\n<p style=\"text-align: left;\">Hast Du vielleicht sogar eine Idee, wo wir es mal treiben und Dir dann davon berichten k\u00f6nnen? Schreibe es uns.<br \/>\nAuf der rechten Seite geht es zu unseren Geschichten \ud83d\ude42<\/p>\n<p>Unser Tipp der Woche:<br \/>\n<script language=\"javascript\" type=\"text\/javascript\" src=\"https:\/\/huren-inserate.com\/landingpages-ziellinks\/Dating-link.js\"><\/script><\/p>\n<p>Ein weiterer Blog den wir Euch empfehlen k\u00f6nnen ist der<br \/>\n<a title=\"Kim\u00b4s Erotik Blog\" href=\"https:\/\/redlight-corner.net\/\" target=\"_blank\" rel=\"noopener noreferrer\">Kim\u00b4s Erotik Blog.<\/a>.<br \/>\nDer Erotik Blog mit Insider Wissen und Tipps f\u00fcr die Welt der Erotik<\/p>\n<p><a href=\"https:\/\/redlight-corner.net\/\" target=\"_blank\" rel=\"noopener noreferrer\"><br \/>\n<img decoding=\"async\" src=\"https:\/\/redlight-corner.net\/banner\/banner-blog.jpg\" alt=\"Erotik Blog\"><\/a><\/p>\n<table width=\"100%\" cellpadding=\"3\" border=\"0\" align=\"center\">\n<tbody>\n<tr>\n<td valign=\"top\" align=\"center\"><a href=\"https:\/\/www.flibzee.com\/LA\/Landingpage_f16?w=25924&amp;ws=&amp;ct=com&amp;adtv=192814_bnmngr_0a2fd\" target=\"_blank\" rel=\"noopener\"><img decoding=\"async\" src=\"https:\/\/www.flibzee.com\/pimage\/lustagenten\/neutral\/s\/DE\/w468\/h60\/20201122_la_f18_13_5709470.jpg\" border=\"0\"><\/a><\/td>\n<\/tr>\n<\/tbody>\n<\/table>\n<p><center><iframe loading=\"lazy\" style=\"background-color: transparent; text-align: center;\" src=\"https:\/\/sexpartner-kontaktanzeigen.net\/includes\/mdh-einzelbanner-300x250-zentriert.php?hgrcolor=FF0000&#038;textcolor=ffffff\" scrolling=\"no\" frameborder=\"0\" width=\"320\" height=\"270\"><\/iframe><\/center><\/p>\n<p><center><a href=\"http:\/\/erotik-storys.com\/?wid=164&amp;sid=0&amp;exit=99&amp;count=0\" target=\"_blank\" rel=\"noopener noreferrer\"><img loading=\"lazy\" decoding=\"async\" src=\"https:\/\/ourlife4you.com\/bilder\/b14.jpg\" alt=\"Erotik Storys\" width=\"468\" height=\"60\" border=\"0\"><\/a><\/center><\/p>\n","protected":false},"excerpt":{"rendered":"<p>Lieber Besucher, liebe Besucherin&#8230; Der Name unseres Blogs wird Euch sicher schon unser Vorhaben verstehen lassen,aber hier gern noch eine kurze Einf\u00fchrung. Wir sind ein zeigegeiles junges Paar und m\u00f6chten Euch ganz intime Einblicke in unser Sexleben gew\u00e4hren. Flotter Dreier,Gangbang,Voyeure,leichter SM und andere sch\u00f6ne Spielarten sind uns nicht fremd und aus genau diesem Grund m\u00f6chten [&hellip;]<\/p>\n","protected":false},"author":1,"featured_media":0,"parent":0,"menu_order":0,"comment_status":"open","ping_status":"open","template":"","meta":{"footnotes":""},"class_list":["post-26","page","type-page","status-publish","hentry"],"_links":{"self":[{"href":"https:\/\/ourlife4you.com\/ourlifeblog\/wp-json\/wp\/v2\/pages\/26","targetHints":{"allow":["GET"]}}],"collection":[{"href":"https:\/\/ourlife4you.com\/ourlifeblog\/wp-json\/wp\/v2\/pages"}],"about":[{"href":"https:\/\/ourlife4you.com\/ourlifeblog\/wp-json\/wp\/v2\/types\/page"}],"author":[{"embeddable":true,"href":"https:\/\/ourlife4you.com\/ourlifeblog\/wp-json\/wp\/v2\/users\/1"}],"replies":[{"embeddable":true,"href":"https:\/\/ourlife4you.com\/ourlifeblog\/wp-json\/wp\/v2\/comments?post=26"}],"version-history":[{"count":62,"href":"https:\/\/ourlife4you.com\/ourlifeblog\/wp-json\/wp\/v2\/pages\/26\/revisions"}],"predecessor-version":[{"id":722,"href":"https:\/\/ourlife4you.com\/ourlifeblog\/wp-json\/wp\/v2\/pages\/26\/revisions\/722"}],"wp:attachment":[{"href":"https:\/\/ourlife4you.com\/ourlifeblog\/wp-json\/wp\/v2\/media?parent=26"}],"curies":[{"name":"wp","href":"https:\/\/api.w.org\/{rel}","templated":true}]}}