{"id":237,"date":"2010-03-13T08:37:31","date_gmt":"2010-03-13T07:37:31","guid":{"rendered":"http:\/\/ourlife4you.com\/ourlifeblog\/?page_id=237"},"modified":"2010-03-13T08:37:31","modified_gmt":"2010-03-13T07:37:31","slug":"der-griff-in-die-hose","status":"publish","type":"page","link":"https:\/\/ourlife4you.com\/ourlifeblog\/der-griff-in-die-hose\/","title":{"rendered":"Der Griff in die Hose"},"content":{"rendered":"<p>Der Griff in die Hose<\/p>\n<p>Zuf\u00e4llig traf ich eine ehemalige Arbeitskollegin in einem gro\u00dfen Kaufhaus. W\u00e4hrend unserer gemeinsamen Arbeitszeit hatte ich schon ein Auge auf sie geworfen. Sie war nicht au\u00dfergew\u00f6hnlich h\u00fcbsch, hatte aber so etwas wie eine erotische Ausstrahlung. In meinen Phantasien versuchte ich mir vorzustellen, wie ihre weiblichen Reize wohl gebaut sein m\u00f6gen. Wir unterhielten uns oberfl\u00e4chlich \u00fcber alte Zeiten. Dann ging ich zum Angriff \u00fcber, alles oder nichts! Ich sagte &#8222;Komm mal mit.&#8220;, und wir begaben uns in eine versteckte Ecke mit vielen aufgestapelten Kartons. Hier w\u00fcrde wohl eine Zeitlang niemand vorbeikommen. &#8222;Was soll ich denn hier?&#8220; fragte sie. Ich griff an den Rei\u00dfverschluss ihrer Jeans. &#8222;He, lass das, spinnst Du?&#8220;, emp\u00f6rte sie sich. &#8222;Vertrau mir!&#8220;, sagte ich &#8222;Lass mich nur machen, vielleicht gef\u00e4llt es Dir ja.&#8220; Verwirrt schaute sie mich an, lie\u00df mich aber dennoch gew\u00e4hren. Ich \u00f6ffnete den Rei\u00dfverschluss sowie den Hosenknopf und schob langsam meine Hand hinter ihre Unterhose. Wohlige W\u00e4rme kam mir entgegen, w\u00e4hrend ich meine Hand durch ihre Schamhaare kraulte. Ich glaube, sie wollte protestieren, aber sie hielt sich zur\u00fcck. &#8222;Schlie\u00dfe doch einfach Deine Augen und genie\u00dfe.&#8220;, sagte ich leise. Sie tat es. Na also, das w\u00e4re geschafft. Mit einem Finger konnte ich ihre Spalte f\u00fchlen, sie machte leichte Bewegungen mit ihrem Becken, so dass ich mit meiner Hand besser an ihre M\u00f6se kam. Ich konnte zwei Finger hineinschieben und begann sie zu massieren, an ihrem Gesicht konnte ich sehen, dass es ihr gefiel. Mein Schwanz baute sich nat\u00fcrlich auch auf. Nun schob ich meine zweite Hand an ihren Busen. So hatte ich mir diesen vorgestellt, nicht allzu gro\u00df, aber stramm. W\u00e4hrend ich nun einen Busen massierte, fl\u00fcsterte ich ihr zu, ob sie nicht mithelfen wolle. Sie fragte, wie sie denn helfen k\u00f6nnte, worauf ich antwortete, dass immerhin noch ein Busen frei w\u00e4re. Sogleich begann sie sich den anderen Busen zu massieren, und ihre zweite Hand kam zu meiner an ihrer M\u00f6se. Ich bugsierte einen Finger von ihr in ihre Spalte, so dass sie sich selbst massieren konnte. &#8222;Lass dich gehen&#8230;&#8220;, fl\u00fcsterte ich, und mit kreisendem Becken massierte sie sich ihre M\u00f6se und Busen. Ich zog meine Hand aus ihrer M\u00f6se ab und massierte mit ihrer Hand gemeinsam ihren Busen. Ich merkte, dass sie wohl dem H\u00f6hepunkt nahe kam, sie steckte ihre zweite Hand auch in ihre Hose. Nun massierte ich mit beiden H\u00e4nden kr\u00e4ftig ihre Titten, sie massierte sich beidh\u00e4ndig heftig die M\u00f6se. &#8222;Ich komme gleich!&#8220;, fl\u00fcsterte sie. &#8222;Lass uns noch mal tauschen&#8220;. Sie zog ihre H\u00e4nde aus der Hose und griff an ihre Titten. Ich stecke wieder zwei Finger in ihre M\u00f6se und massierte sie so gut ich konnte. Die zweite Hand schob ich hinten in ihre Hose, so dass ich die M\u00f6se von vorne und hinten massieren konnte, und nach kurzer Zeit entlud sich ihr Orgasmus. Einen erl\u00f6senden Schrei konnte sie noch im Keim ersticken. Etwas geschafft hauchte sie mir zu: &#8222;Jetzt bist Du dran.&#8220; und ging in die Knie, \u00f6ffnete meine Hose und nahm sofort meinen Schwanz in den Mund. Da ich selbst schon sehr erregt war, brauchte sie nur ein paar Mal an der Eichel zu lutschen, und ich ergoss mich in ihren Mund. Sie schluckte alles und lutschte meinen Stengel sauber. Sie machte ihre Hose zu und fl\u00fcsterte mir ins Ohr: &#8222;Das n\u00e4chste Mal musst Du mich aber richtig bumsen!&#8220; Wir verabredeten uns f\u00fcr den n\u00e4chsten Abend&#8230;<\/p>\n","protected":false},"excerpt":{"rendered":"<p>Der Griff in die Hose Zuf\u00e4llig traf ich eine ehemalige Arbeitskollegin in einem gro\u00dfen Kaufhaus. W\u00e4hrend unserer gemeinsamen Arbeitszeit hatte ich schon ein Auge auf sie geworfen. Sie war nicht au\u00dfergew\u00f6hnlich h\u00fcbsch, hatte aber so etwas wie eine erotische Ausstrahlung. In meinen Phantasien versuchte ich mir vorzustellen, wie ihre weiblichen Reize wohl gebaut sein m\u00f6gen. [&hellip;]<\/p>\n","protected":false},"author":1,"featured_media":0,"parent":0,"menu_order":0,"comment_status":"open","ping_status":"open","template":"","meta":{"footnotes":""},"class_list":["post-237","page","type-page","status-publish","hentry"],"_links":{"self":[{"href":"https:\/\/ourlife4you.com\/ourlifeblog\/wp-json\/wp\/v2\/pages\/237","targetHints":{"allow":["GET"]}}],"collection":[{"href":"https:\/\/ourlife4you.com\/ourlifeblog\/wp-json\/wp\/v2\/pages"}],"about":[{"href":"https:\/\/ourlife4you.com\/ourlifeblog\/wp-json\/wp\/v2\/types\/page"}],"author":[{"embeddable":true,"href":"https:\/\/ourlife4you.com\/ourlifeblog\/wp-json\/wp\/v2\/users\/1"}],"replies":[{"embeddable":true,"href":"https:\/\/ourlife4you.com\/ourlifeblog\/wp-json\/wp\/v2\/comments?post=237"}],"version-history":[{"count":1,"href":"https:\/\/ourlife4you.com\/ourlifeblog\/wp-json\/wp\/v2\/pages\/237\/revisions"}],"predecessor-version":[{"id":238,"href":"https:\/\/ourlife4you.com\/ourlifeblog\/wp-json\/wp\/v2\/pages\/237\/revisions\/238"}],"wp:attachment":[{"href":"https:\/\/ourlife4you.com\/ourlifeblog\/wp-json\/wp\/v2\/media?parent=237"}],"curies":[{"name":"wp","href":"https:\/\/api.w.org\/{rel}","templated":true}]}}