{"id":174,"date":"2009-11-03T08:49:44","date_gmt":"2009-11-03T07:49:44","guid":{"rendered":"http:\/\/ourlife4you.com\/ourlifeblog\/?page_id=174"},"modified":"2023-04-27T09:07:40","modified_gmt":"2023-04-27T08:07:40","slug":"badenixen","status":"publish","type":"page","link":"https:\/\/ourlife4you.com\/ourlifeblog\/badenixen\/","title":{"rendered":"Badenixen"},"content":{"rendered":"<p>Badenixen<\/p>\n<p>Es war im letzten Jahr im Urlaub in diesem kleinen Ort auf den Kanarischen Inseln. Es war Vorsaison und daher sehr ruhig in dieser Bungalowsiedlung. Rings um die gro\u00dfe Poollandschaft waren Bungalows verteilt, und an den Randgebieten teilten sich je 3 Bungalows noch einen kleinen Pool. Ich hatte auf meiner Terrasse gesessen und bei einem Glas Wein gelesen. Die Ruhe war g\u00f6ttlich, und so konnte man richtig entspannen. Vor dem Schlafengehen wollte ich noch eine kleine Erfrischung, und so stieg ich in den kleinen Pool. Da die Nachbarbungalows nicht belegt waren und der Pool von den Wegen kaum einzusehen war, hatte ich mir gar nicht erst die M\u00fche gemacht, eine Badehose anzuziehen und planschte daher im Adamskost\u00fcm. Pl\u00f6tzlich stand eine Blondine am Poolrand: &#8220; Hey, darf man reinkommen oder ist das hier privat?&#8220; Ich staunte nicht schlecht, wo war dieses entz\u00fcckende Wesen denn hergekommen? &#8222;Komm ruhig rein!&#8220; Prompt zog sie ihr T-Shirt \u00fcber den Kopf, streifte ihre Shorts samt Slip ab und sprang in den Pool. Prustend kam sie an die Oberfl\u00e4che. Sie sch\u00fcttelte ihren Kopf, dass die langen Haare wild hin und her flogen und mich vollspritzten. &#8222;Hach! Das tut gut! Der Flug und die Busfahrt haben mich total geschlaucht, ich war vollkommen durchgeschwitzt. Diese Erfrischung hab ich jetzt gebraucht. Ach so, mein Name ist Claudia und ich wohne hier im Bungalow 17, ich hab dich gerade durchs Fenster beobachtet und hab dann Lust auf ein Bad bekommen.&#8220; &#8222;Hallo, ich bin der Holger und bin in Nummer 19, ich hab gar nicht bemerkt, dass hier noch jemand ist, sonst h\u00e4tte ich mir was angezogen!&#8220; &#8222;Ach, das macht nichts, mich st\u00f6rt das nicht, war ja ein sch\u00f6ner Anblick!&#8220; Ihre Augen blitzten bei diesem Satz und sie lie\u00df sich nach hinten fallen, so dass ihre Br\u00fcste wie Bojen aus dem Wasser ragten. Die Nippel waren deutlich hervorgetreten. Claudia tauchte weg, doch der Anblick hatte schon ausgereicht, um meinen Schwanz in einen netten Halbstand zu bringen. Da tauchte sie auf, st\u00fctzte sich auf den Poolrand, stemmte sich hoch und setzte sich auf den Rand. Da ihre Beine auseinander standen, konnte ich bis zu ihrem Paradies sehen. Und da war zu sehen, dass sie eine echte Blondine war. &#8222;Sag mal, wenn du genug gesehen hast, hast du nicht was zu trinken? Ich vergehe vor Durst.&#8220; Ich grinste ein wenig, weil ich mich ertappt f\u00fchlte. &#8222;Wie w\u00e4r&#8217;s mit einem Glas Wein?&#8220; &#8222;Nicht schlecht, hol her, das w\u00e4re goldrichtig!&#8220; Ich stieg aus dem Pool und mein Pint hatte sich noch nicht beruhigt. Doch mich st\u00f6rte das nicht. Aus der K\u00fcche holte ich ein weiteres Glas und von der Terrasse holte ich den Wein und mein Glas. Dann setzte ich mich neben sie und go\u00df uns beiden ein. Sie nahm einen tiefen Zug und ich konnte sofort wieder nachgie\u00dfen. &#8222;Guter Stoff, mu\u00df der Neid lassen! So, jetzt kann der Urlaub beginnen.&#8220; Sie stellte das Glas ab und lie\u00df sich wieder ins Wasser gleiten, schwamm einige Z\u00fcge, stie\u00df sich dann von der gegen\u00fcberliegenden Seite ab und schwamm auf mich zu. Der Anblick war so aufreizend, dass mein Pint zur vollen Gr\u00f6\u00dfe anwuchs. Sie schaute mich an, kam n\u00e4her und l\u00e4chelte. &#8222;Soll ich das als Kompliment auffassen?&#8220; Da sagte ich lieber nichts zu, brauchte ich auch nicht, denn sie kam an den Beckenrand und griff sich den L\u00fcmmel. Mit leicht wichsenden Bewegungen brachte sie ihn zu einem festen Stand. Dann beugte sie sich vor und hauchte einen Ku\u00df auf seinen Nillenkopf, so dass ich erschreckt zur\u00fcckzuckte. &#8222;Hey, was gibt das denn?&#8220; &#8222;Frag nicht so dumm, ich hab Urlaub und da genie\u00dfe ich alles! Au\u00dferdem, mit vollem Mund spricht man nicht!&#8220; Sprachs und nahm den L\u00fcmmel in den Mund. W\u00e4hrend sie mit einer Hand wichste, spielten ihre Lippen mit der Eichel. Ich konnte mich nur zur\u00fccklehnen und tief durchatmen. Welch ein Wahnsinn. Ich kannte diese Frau gerade erst einmal eine knappe Viertelstunde und schon hatte sie meinen Schwanz im Mund. Oh Mann, wenn uns nun einer beobachtet. Ich schaute in die Richtung des Weges der zu den anderen Bungalows f\u00fchrte, aber au\u00dfer Palmwedeln war da nicht zu sehen. Au\u00dferdem war es schon dunkel, und ich h\u00e4tte dort sowieso nicht sehen k\u00f6nnen. Hier am Pool sorgte nur eine kleine Lampe in den B\u00fcschen f\u00fcr Licht. Langsam geriet ich in die Gefahr, dass ich eine Ladung losschie\u00dfen w\u00fcrde. Doch da sich nun mein Ehrgeiz meldete, hatte ich noch etwas Anderes vor. Ich r\u00fcckte vor und lie\u00df mich ins Wasser gleiten. Zwangsl\u00e4ufig mu\u00dfte Claudia mit dem Blasen auf h\u00f6ren, und das gefiel ihr irgendwie nicht. &#8222;He, war das nicht gut?&#8220; &#8222;Doch, aber wir brauchen doch nichts \u00fcberst\u00fcrzen, oder?&#8220; Ich nahm sie in die Arme und k\u00fc\u00dfte sie. Durch das warme Wasser war der Kontakt nat\u00fcrlich sehr intensiv, und unsere Zungen machten aus den Mundh\u00f6hlen Schlangengruben. Mit einer Hand streichelte ich \u00fcber ihre feste Brust und wanderte tiefer. Der Bauch war sehr flach und ihre Schamhaare kurz geschnitten. Ihre Schamlippen klafften schon auseinander und ich konnte sofort einen Finger hineinstecken. Nun griff sie mit einer Hand an meinen Pint und begann wieder sanft zu wichsen. Als Antwort suchte ich ihren Kitzler und rieb \u00fcber die Knospe. &#8222;Aaaahhhhh! Jaaaaahhhh, das ist das Richtige! So ist es gut! Mach weiter!&#8220; Sie hatte den Kopf zur\u00fcckgelehnt und ihre Stimme hatte pl\u00f6tzlich einen tiefen Ton, der mir durch Mark und Knochen ging. Claudia lie\u00df meinen Schwanz los, hielt sich an meinem Nacken fest und spreizte ihre Beine, so dass ich besser an ihre Lustgrotte drankam. Da bekam ich eine Idee. Langsam steuerte ich auf die Steintreppe zu, die in den Pool ging. Dort setzte ich mich hin. Claudia verstand sofort und hockte sich \u00fcber mich. Sie griff meinen Pint, senkte sich drauf und lie\u00df ihn vollkommen in sich verschwinden. Sofort begann sie einen wilden Ritt, dass das Wasser langsam in Wallung geriet. Ich besch\u00e4ftigte mich mittlerweile mit ihren festen Br\u00fcsten und verw\u00f6hnte ihre kleinen festen Nippel mit meinen Lippen. &#8222;Ist ja toll diese Nummer, Claudia, aber la\u00df mir auch noch was \u00fcbrig!&#8220; Ich schrak zusammen und drehte mich um und da stand Claudia nackt am Poolrand mit dem Weinglas in der Hand. Was f\u00fcr ein Film war das denn nun? &#8222;Evi, das ist gar nicht nett uns zu st\u00f6ren, ich war fast soweit und nun das!&#8220; Nun war ich ganz verst\u00f6rt? Evi? Oh mein Gott, Zwillinge! Genau, das war die L\u00f6sung! Manchmal f\u00e4llt der Groschen pfennigweise. &#8222;Siehste, nun hat er es geschnallt! Genau, wir sind Zwillinge! Und noch was, wir sehen nicht nur gleich aus, wir teilen auch alles.&#8220; Was mach ich nun? Wahrscheinlich hatte ich ein unheimlich dummes Gesicht gemacht, denn beide M\u00e4dchen prusteten pl\u00f6tzlich los. Claudia lehnte sich etwas zur\u00fcck und begann wieder mit Reitbewegungen. Mein L\u00fcmmel hatte durch diesen Schreck nicht an Festigkeit verloren, und so konnte ich wieder diese Aktion genie\u00dfen. &#8222;Ich will auch meinen Teil!&#8220;, meinte Evi und kam n\u00e4her. &#8222;Ich hab euch die ganze Zeit vom Fenster aus beobachtet und bin nun geil wie sonst was.&#8220; Sie stieg zu uns hinunter und stellte sich hinter mich. Als ich mich zur\u00fccklehnte, war ihre blondgelockte Muschi direkt vor meinem Gesicht. Da umfa\u00dfte ich ihre Beine und pre\u00dfte meine Lippen auf ihre Scham. Evi spreizte ihre Beine noch ein wenig, damit ich besser drankam. Sie war wirklich geil, denn der Duft ihrer Liebess\u00e4fte war deutlich zu sp\u00fcren. Meine Zunge fand schnell die \u00d6ffnung zwischen den Schamlippen und unter der z\u00e4rtlichen Behandlung \u00f6ffneten sie sich ganz und entfalteten die rosige Pracht. Der Lustknopf war deutlich zu sp\u00fcren, und ich bem\u00fchte mich nach Kr\u00e4ften, ihn mit meiner Zunge zu reizen. &#8222;Aaaahhhhh, was f\u00fcr ein Prachtkerl. Claudia, wir haben Gl\u00fcck. Mmmmhhhhhh! Super wie der lecken kann. Wenn das so weiter geht, oooaaaaahhhh, kommt es mir gleich. Ist sein Riemen auch so gut?&#8220; Claudia lie\u00df sich bei ihren Reiterspiel gar nicht st\u00f6ren und sorgte daf\u00fcr, dass das Wasser in dem kleinen Pool immer mehr in Wallung geriet. &#8222;Der Schwanz ist allererste Sahne! Der ist so gro\u00df und dick! Jaaaaaaa, den sp\u00fcre ich noch wer wei\u00df wo!&#8220; Ihre Bewegungen wurden hektischer, anscheinend n\u00e4herte sie sich einem H\u00f6hepunkt. Die H\u00e4nde krallten sich in meine H\u00fcften und ihre Schenkel wurden zu einem Schraubstock. W\u00e4hrenddessen pre\u00dfte Evi mir ihre Muschi auf den Mund und wand sich unter meinen Liebkosungen. Ihr Atem ging immer schneller, die Beine begannen zu zucken, und der Saft flo\u00df in Str\u00f6men. In meinen Eiern sp\u00fcrte ich das bestimmte Gef\u00fchl, dass ich gleich abspritzen w\u00fcrde, und gerade in dem Moment als ich mich in ihre hei\u00dfe M\u00f6se ergo\u00df, kam auch Claudia zu einem Klimax. Ich nibbelte noch ein wenig an Evis Kitzler und brachte damit auch sie zur Explosion. Ausgepumpt sa\u00dfen wir auf den Stufen halb im Wasser und sahen uns an. Die M\u00e4dchen hatten sich neben mich gesetzt, und ich bem\u00fchte mich Unterschiede zu finden &#8211; vergeblich. Sie wirkten wie zwei Spiegelbilder. &#8222;Mann, das nenn ich eine hei\u00dfe Begr\u00fc\u00dfung! Und nicht zu vergessen der Willkommensdrink!&#8220; Ich leckte meine Lippen die von Evis S\u00e4ften noch na\u00df waren. Wir mu\u00dften alle herzlich lachen und begannen zu quatschen. Evi stand auf, go\u00df das Glas wieder voll und stieg erneut in den Pool. Der Wein war noch herrlich k\u00fchl, und wir genossen ihn gemeinsam. Nun hatten wir alle noch Lust ein wenig zu planschen, und so gingen wir in den tieferen Teil des Pools und tobten ein wenig herum, bespritzten uns und benahmen uns wie kleine Kinder. Pl\u00f6tzlich zog mir jemand unter Wasser die Beine weg und ich tauchte unter. Wie gut, dass ich gut tauchen kann und im Wasser sehr beweglich bin. Ich tauchte an einen der K\u00f6rper heran und bi\u00df in eine knackige Pobacke. Als ich versuchte wegzukommen, griff sich jemand meinen Pint und hielt mich fest. Das tat weh, und ich mu\u00dfte auftauchen um Luft zu holen. Da st\u00fcrzten sich beide M\u00e4dchen auch mich und versuchten mich unter Wasser zu dr\u00fccken. Ich hingegen versuchte mich aus diesen K\u00f6rpern herauszuwinden und griff dabei hier in einer Titte und dort in einen Haarmuff. Beides war \u00e4u\u00dferst angenehm f\u00fcr mich. Als ich wieder hochkam, standen beide M\u00e4dchen still da. Dann dr\u00e4ngten sie sich an mich. Eine Hand griff am meinen Schwanz w\u00e4hrend eine andere Hand an meinen N\u00fcssen spielte. Eine der Beiden stellte sich hinter mich und sie packten mich in eine Sandwichposition. An meinem ganzen K\u00f6rper sp\u00fcrte ich nun H\u00e4nde. Ich k\u00fc\u00dfte Evi oder Claudia &#8211; wen auch immer, aber immer voller Leidenschaft. Wir beschlossen dann in den Bungalow zu gehen um dort im Trockenen weiter zu machen. Es wurde noch ein hei\u00dfer Abend und ein noch hei\u00dferer Urlaub.<\/p>\n<p><script type=\"text\/javascript\" src=\"https:\/\/b.big7.com\/c.php?b=400&amp;wmb=29&amp;wms=39\"><\/script><\/p>\n","protected":false},"excerpt":{"rendered":"<p>Badenixen Es war im letzten Jahr im Urlaub in diesem kleinen Ort auf den Kanarischen Inseln. Es war Vorsaison und daher sehr ruhig in dieser Bungalowsiedlung. Rings um die gro\u00dfe Poollandschaft waren Bungalows verteilt, und an den Randgebieten teilten sich je 3 Bungalows noch einen kleinen Pool. Ich hatte auf meiner Terrasse gesessen und bei [&hellip;]<\/p>\n","protected":false},"author":1,"featured_media":0,"parent":0,"menu_order":0,"comment_status":"open","ping_status":"open","template":"","meta":{"footnotes":""},"class_list":["post-174","page","type-page","status-publish","hentry"],"_links":{"self":[{"href":"https:\/\/ourlife4you.com\/ourlifeblog\/wp-json\/wp\/v2\/pages\/174","targetHints":{"allow":["GET"]}}],"collection":[{"href":"https:\/\/ourlife4you.com\/ourlifeblog\/wp-json\/wp\/v2\/pages"}],"about":[{"href":"https:\/\/ourlife4you.com\/ourlifeblog\/wp-json\/wp\/v2\/types\/page"}],"author":[{"embeddable":true,"href":"https:\/\/ourlife4you.com\/ourlifeblog\/wp-json\/wp\/v2\/users\/1"}],"replies":[{"embeddable":true,"href":"https:\/\/ourlife4you.com\/ourlifeblog\/wp-json\/wp\/v2\/comments?post=174"}],"version-history":[{"count":2,"href":"https:\/\/ourlife4you.com\/ourlifeblog\/wp-json\/wp\/v2\/pages\/174\/revisions"}],"predecessor-version":[{"id":663,"href":"https:\/\/ourlife4you.com\/ourlifeblog\/wp-json\/wp\/v2\/pages\/174\/revisions\/663"}],"wp:attachment":[{"href":"https:\/\/ourlife4you.com\/ourlifeblog\/wp-json\/wp\/v2\/media?parent=174"}],"curies":[{"name":"wp","href":"https:\/\/api.w.org\/{rel}","templated":true}]}}